 = -b**3 - 9*b**2 - 11*b + 27. What is q(-7)?
6
Let v(n) = -11*n + 62. Calculate v(19).
-147
Let r(i) = 6*i + 9. Give r(-5).
-21
Let k(x) = -34*x**3 + x**2 - x - 1. Calculate k(1).
-35
Let o(h) = h**2 + 8*h - 7. Give o(-10).
13
Let m(j) = -3*j - 1. Determine m(-7).
20
Let o(r) = -r**3 - 11*r**2 - 9*r + 5. What is o(-10)?
-5
Let l(n) = -n**2 + 7*n - 14. Give l(8).
-22
Let p(y) = 2*y**3 + 2*y**2 + y + 3. Calculate p(-2).
-7
Let p(z) = 16*z - 82. What is p(5)?
-2
Let s(j) = j**3 + 9*j**2 + j - 1. Give s(-8).
55
Let g(d) = d**3 + d**2 - 43. Determine g(0).
-43
Let u(b) = -b**3 + 11*b**2 - b + 13. Give u(11).
2
Let q(a) = a**3 - 2*a**2 + 4*a - 2. Give q(2).
6
Let b(n) = n**3 + 6*n**2 - 8*n + 4. Determine b(-7).
11
Let i(q) = -q**3 - 10*q**2 + 11*q + 25. Calculate i(-11).
25
Let p(h) = -h - 2. Determine p(-9).
7
Let w(z) = -z**2 - 12*z + 23. Give w(-13).
10
Let x(o) = 39*o + 1. Calculate x(2).
79
Let m(s) = -s**2 - 36*s + 110. Determine m(-39).
-7
Let q(d) = -d**2 + 3*d + 2. Calculate q(-7).
-68
Let u(f) = f**3 + f**2 + 48. Calculate u(0).
48
Let u(x) = -x**3 + 20*x**2 + 21*x + 7. Determine u(21).
7
Let d(l) = l**3 - 7*l**2 + l + 5. Give d(6).
-25
Let z(f) = f**3 - 3*f**2 - 2*f - 2. Determine z(3).
-8
Let s(z) = 8*z**2 - 2*z + 2. Determine s(1).
8
Let h(p) = 6*p - 69. Give h(12).
3
Let h(f) = -f**2 - 28. What is h(0)?
-28
Let m(g) = g**2 - 7*g - 13. What is m(8)?
-5
Let q(m) = -m**2 + 5. Calculate q(3).
-4
Let r(b) = -b**2 + 2*b + 24. What is r(7)?
-11
Let x(z) = -z + 14. Give x(7).
7
Let z(x) = -x**3 - 6*x**2 + 10*x + 17. Calculate z(-7).
-4
Let n(s) = -s**3 - 19*s**2 + 150*s + 7. What is n(-25)?
7
Let t(n) = 2*n - 31. Determine t(14).
-3
Let s(f) = -108*f - 1508. Give s(-14).
4
Let p(l) = -111*l - 1000. What is p(-9)?
-1
Let q(j) = 9*j**3 + j**2 - 2*j - 2. Calculate q(-1).
-8
Let d(k) = 30*k + 3. Determine d(2).
63
Let x(c) = -c**3 - 7*c**2 - 6. Calculate x(-7).
-6
Let d(k) = k**2 - 18*k - 41. Calculate d(20).
-1
Let j(h) = 3*h**2 - 137*h + 214. Determine j(44).
-6
Let y(b) = b**2 + 35*b + 274. Calculate y(-14).
-20
Let x(o) = o**3 + 6*o**2 - 9*o - 19. Give x(-7).
-5
Let t(h) = -h**2 + 16*h + 1. Determine t(14).
29
Let q(k) = k**3 + 2*k**2 - 4*k + 6. Give q(-4).
-10
Let f(k) = -13*k - 39. Calculate f(3).
-78
Let o(v) = v**2 - 26*v + 99. Give o(5).
-6
Let p(s) = 2*s**2 - 12*s + 1. Determine p(7).
15
Let d(z) = -z**3 - 22*z**2 + 48*z - 15. What is d(-24)?
-15
Let i(r) = -2*r**2 + 6*r + 17. Give i(7).
-39
Let j(t) = 4*t**3 + 3*t**2 + t - 1. What is j(-2)?
-23
Let u(w) = w**2 - 14*w + 27. Determine u(7).
-22
Let g(a) = -11*a - 348. Calculate g(-32).
4
Let y(m) = 2*m**2 + 24*m + 17. Determine y(-11).
-5
Let i(a) = a**3 + 5*a**2 - 7. Give i(-4).
9
Let w(t) = t**3 - 10*t**2 + 24*t + 6. Give w(6).
6
Let b(z) = 2*z**2 + 38*z - 24. Determine b(-20).
16
Let z(p) = p**2 - 6*p - 2. Give z(7).
5
Let f(q) = -2*q**3 - 2*q**2 - 2. Calculate f(-2).
6
Let t(m) = 12*m**2 + m - 1. Determine t(-1).
10
Let r(v) = -31*v + 2. Determine r(1).
-29
Let c(v) = 8*v - 52. Calculate c(8).
12
Let p(n) = 141*n + 1261. Give p(-9).
-8
Let j(b) = -b**3 + 10*b**2 - 7*b. Give j(9).
18
Let m(w) = -2*w**3 - 12*w**2 - 12*w - 15. Determine m(-5).
-5
Let i(k) = 11*k - 1. Calculate i(-5).
-56
Let d(t) = -62*t - 27. Calculate d(2).
-151
Let k(t) = 2*t**3 - 24*t**2 + 17*t + 45. Give k(11).
-10
Let k(j) = -j**3 + 3*j**2 + 17*j. What is k(6)?
-6
Let h(c) = c**2 + 6*c + 1. Determine h(-5).
-4
Let b(m) = -m**3 + 3*m**2 + 2*m + 1. What is b(4)?
-7
Let p(w) = -w**3 + 9*w**2 + 16*w + 64. Give p(11).
-2
Let n(m) = 5*m**3 + m**2 - 5*m - 3. Determine n(-2).
-29
Let y(p) = -p**2 - 11*p + 1. Give y(-12).
-11
Let q(k) = 10*k**2 - 2*k - 7. Give q(-2).
37
Let t(l) = -l**3 + 9*l**2 + 7*l - 21. What is t(10)?
-51
Let u(g) = -g**3 + 3*g**2 + 23*g + 3. What is u(7)?
-32
Let x(z) = -8*z**2 + 5*z - 4. What is x(1)?
-7
Let r(m) = -m**3 + 3*m**2 + 3. What is r(3)?
3
Let j(s) = -s**2 - 7*s + 121. Give j(-15).
1
Let c(u) = -u**2 + 11*u + 12. Calculate c(10).
22
Let u(z) = 21*z + 19. Calculate u(3).
82
Let r(q) = -6*q**2 + 4*q - 3. Determine r(4).
-83
Let w(l) = -l**3 + 21*l**2 - 40*l + 31. What is w(19)?
-7
Let l(f) = -f**2 - 19*f - 13. Calculate l(-18).
5
Let d(g) = -4*g**3 - 4*g**2 + 2*g + 2. What is d(2)?
-42
Let v(s) = s**3 + 8*s**2 + 8*s + 8. Determine v(-7).
1
Let z(u) = u**3 - 3*u**2 - 5*u + 7. Give z(4).
3
Let x(w) = -17*w + 8. Determine x(3).
-43
Let x(p) = -4*p**2 + 3*p - 4. Determine x(4).
-56
Let w(u) = -u**2 + u + 67. Determine w(10).
-23
Let z(w) = 9*w**2 - 43*w + 42. What is z(1)?
8
Let t(i) = i + 3. What is t(-2)?
1
Let k(j) = 2*j + 5. What is k(-7)?
-9
Let a(c) = c + 47. Determine a(-20).
27
Let n(v) = -v + 21. What is n(10)?
11
Let s(x) = -x**2 + 10*x + 1. Calculate s(8).
17
Let a(j) = 2*j**2 + 11*j + 14. Determine a(-4).
2
Let i(m) = -m**3 + 18*m**2 - 17*m + 1. Calculate i(17).
1
Let y(s) = -s - 10. What is y(0)?
-10
Let b(g) = -g**3 - 5*g**2 + 2*g + 11. Determine b(-5).
1
Let f(u) = -6*u**3 + 3*u**2 + 2*u - 3. What is f(1)?
-4
Let s(k) = k**2 + 21*k - 15. Determine s(-21).
-15
Let b(a) = a**3 - 8*a**2 + 6*a - 10. What is b(7)?
-17
Let p(c) = c**3 + 23*c**2 + 24*c + 30. Give p(-22).
-14
Let b(m) = 9*m - 3. What is b(1)?
6
Let x(d) = -2*d**2 - 4*d + 4. What is x(2)?
-12
Let d(s) = -5*s + 5. Calculate d(3).
-10
Let t(m) = -m**3 - 11*m**2 + 27*m + 2. What is t(-13)?
-11
Let f(c) = c**2 - 17*c - 1. Give f(8).
-73
Let d(g) = -g**3 - g**2 - 4*g - 4. Determine d(-3).
26
Let s(a) = -22*a - 76. What is s(-12)?
188
Let x(y) = y**3 + 17*y**2 + 14*y + 25. Calculate x(-16).
57
Let x(u) = -u**2 - 10*u + 42. Determine x(-14).
-14
Let w(k) = -k**2 + 3*k - 18. Calculate w(0).
-18
Let u(i) = -i + 2. Determine u(-13).
15
Let n(i) = -i**3 + 9*i**2 - 9*i + 2. Determine n(8).
-6
Let b(x) = -2*x - 4. Calculate b(-11).
18
Let k(d) = 12*d**2 + 116*d + 67. What is k(-9)?
-5
Let l(b) = -2*b**3 - 8*b**2 - 8*b - 12. Determine l(-3).
-6
Let w(p) = 6*p + 2. What is w(2)?
14
Let l(m) = -150*m + 1048. Give l(7).
-2
Let w(b) = b**3 + 7*b**2 + b - 4. Determine w(-6).
26
Let j(x) = 2*x**2 - 3*x - 12. Give j(3).
-3
Let j(b) = b**2 - 5*b - 7. Calculate j(3).
-13
Let h(t) = -t**3 + 7*t**2 + 9*t + 6. Calculate h(8).
14
Let r(q) = q**3 - 3*q**2 - 5*q + 7. Give r(-3).
-32
Let d(o) = -2*o**2 - 120*o - 110. Calculate d(-59).
8
Let q(p) = -p**2 - 5*p + 31. Calculate q(-9).
-5
Let w(g) = 126*g + 1514. Calculate w(-12).
2
Let v(u) = 23*u + 343. Give v(-16).
-25
Let l(p) = -p**3 - 8*p**2 + 7*p - 13. Give l(-9).
5
Let n(v) = 2*v**2 - 3*v - 17. What is n(6)?
37
Let t(s) = s**2 + 4*s - 9. Give t(-6).
3
Let s(l) = l**3 - l**2 + 2*l - 6. Give s(2).
2
Let v(f) = 2*f**2 + 18*f + 53. Determine v(-12).
125
Let d(g) = -2*g**2 - 2*g - 3. Give d(3).
-27
Let o(g) = g**2 + 12*g - 12. Determine o(-13).
1
Let f(s) = -16*s - 369. What is f(-23)?
-1
Let i(h) = h**3 + 25*h**2 - 25*h + 2. What is i(-26)?
-24
Let x(n) = -n**3 + 2*n**2 - 4*n + 38. Give x(4).
-10
Let c(z) = 46*z + 282. Determine c(-6).
6
Let c(p) = p**3 - 13*p**2 - 9*p - 22. Calculate c(14).
48
Let t(m) = -3*m + 16. Calculate t(7).
-5
Let u(z) = -3*z**3 + 2*z**2 - 2*z + 7. Calculate u(3).
-62
Let m(x) = x**2 - x + 19. Calculate m(0).
19
Let x(j) = j**3 + 3*j**2 - j. Calculate x(-2).
6
Let p(y) = y**2 + 2*y - 50. Calculate p(0).
-50
Let q(z) = -2*z**2 + 4*z + 12. What is q(5)?
-18
Let l(v) = -12*v - 4. Calculate l(-3).
32
Let j(o) = o - 5. What is j(-9)?
-14
Let t(f) = f**2 - 5*f + 7. Calculate t(-6).
73
Let o(g) = -g**3 + 12*g**2 - 25*g - 13. Give o(9).
5
Let s(f) = f**3 + 6*f**2 + 5*f - 9. What is s(-4)?
3
Let h(l) = 213*l**2 + 2*l - 3. What is h(1)?
212
Let a(b) = -2*b**2 - 23*b - 75. Calculate a(-4).
-15
Let t(o) = 121*o**3 + o**2 - 2*o + 2. Calculate t(1).
122
Let q(b) = -4*b - 12. Calculate q(3).
-24
Let m(b) = -b**2 + 70*b - 607. Give m(60).
-7
Let q(b) = b**2 + 3*b - 65. Calculate q(-10).
5
Let y(h) = h**3 + 20*h**2 - 12*h - 246. Give y(-20).
-6
Let l(r) = 20*r - 132. Calculate l(6).
-12
Let q(g) = 46*g**2 - 2*g. Calculate q(1).
44
Let n(p) = -p**3 + 12*p - 21. Calculate n(2).
-5
Let w(x) = -x**3 - 6*x**2 - x - 4. Give w(-6).
2
Let o(x) = 12*x**2 + x. Calculate o(-1).
11
Let d(q) = q + 7. Calculate d(4).
11
Let f(c) = -2*c - 35. Give f(-19).
3
Let m(v) = -4*v**2 + v - 7. Calculate m(-4).
-7